 5*g - 75. Is l a multiple of 9?
True
Let s = -30 + 77. Let u = -27 + s. Is 18 a factor of u?
False
Suppose -5*q + 84 = 2*s, 4*s - q - 120 = q. Is 4 a factor of s?
True
Let w(y) = y**3 + 5*y**2 + 4*y + 5. Let d be w(-4). Suppose -j + d*j = 76. Does 11 divide j?
False
Let s = 222 + -156. Is s a multiple of 11?
True
Suppose q - r = -2*r + 8, -2*q + 20 = -2*r. Let v = 29 - q. Is v a multiple of 11?
False
Let i(v) be the third derivative of -2*v**2 + 0*v + 0 + 1/12*v**4 - 1/6*v**3. Is 9 a factor of i(5)?
True
Let k(z) = -z**2 - 40*z + 1. Does 13 divide k(-25)?
False
Suppose 9*v = 4*v - 5*p - 235, 0 = 5*v + 4*p + 236. Let n = 73 + v. Is n a multiple of 7?
False
Let x = 1 - 0. Is 9 a factor of x*-18*6/(-12)?
True
Let y be (-8)/(-12)*(-6)/4. Let b(a) = -46*a**3 - a - 1. Is b(y) a multiple of 23?
True
Let j(c) be the second derivative of c**4/12 - c**3/6 - 2*c**2 + c. Is j(-6) a multiple of 19?
True
Let q be -2*1/((-6)/9). Let n(c) = 6*c**3 - 2*c**2 - c + 3. Let z be n(q). Suppose -z = -0*d - 4*d. Is 17 a factor of d?
False
Let c = 6 - 9. Let d = c - 2. Let g(z) = z**3 + 6*z**2 + z + 4. Does 8 divide g(d)?
True
Does 19 divide (2 - -17)*2*1?
True
Suppose -4*p - 2*r - 1 = -161, 5*p = -4*r + 194. Does 9 divide (-48)/(-14)*p/4?
True
Suppose 0 = -21*k + 20*k + 167. Is 21 a factor of k?
False
Let x(w) = -2*w**2 - 15*w - 5. Let i(s) = s**2 + 8*s + 3. Let f(y) = -5*i(y) - 2*x(y). Let h be f(-7). Suppose -5*m + 4*m + h = 0. Does 8 divide m?
True
Suppose 3*m - 3 = f, 4*m - 3*f = -0*f + 9. Suppose -4*c + 5*c - 16 = m. Is 10 a factor of c?
False
Suppose 4*z + z = -2*w + 52, 132 = 4*w + 3*z. Is 12 a factor of w?
True
Let x be (1 - 0)*(-2 - -2). Let a be (0 + x)*(-8)/24. Let j(w) = -w**3 - w**2 + w + 39. Is j(a) a multiple of 14?
False
Let x be (4/12)/(2/6). Does 22 divide (-1169)/(-21) + x/3?
False
Suppose -4*k = 0, 49 = a + 2*k + 3*k. Is 5 a factor of a?
False
Suppose 3*m - 3 = 39. Is m a multiple of 3?
False
Is 3 a factor of 1 - ((-5 - -3) + 0)?
True
Suppose 0 = 9*v - 962 - 91. Is v a multiple of 9?
True
Let s = 36 + 7. Suppose s = 4*u + 3*d - 4*d, -5*u = -4*d - 51. Is u/2*(-1 - -5) a multiple of 11?
True
Suppose 0 = -0*f - 2*f. Let h = 18 + f. Is h a multiple of 7?
False
Suppose 0 = 2*z + 6, 6 + 53 = 4*q - 5*z. Let h(v) = v**2 - 7*v - 7. Does 10 divide h(q)?
False
Let s be (0*(-3)/6)/2. Suppose s = 3*y + y. Suppose 0 = -y*b - 4*b + 28. Is 5 a factor of b?
False
Let k be 0/(-2)*(-3)/6. Suppose z + 4*z - 135 = k. Is 7 a factor of z?
False
Let l(z) be the second derivative of z**3/2 - 3*z**2 - 2*z. Is 4 a factor of l(4)?
False
Let w be 414/15 - (-6)/15. Let q = w - 16. Is q a multiple of 12?
True
Suppose 5*h - 167 = -37. Does 13 divide h?
True
Let p(x) be the first derivative of -5*x**2/2 + 8*x + 4. Let a(h) = 4*h - 8. Let t(g) = -4*a(g) - 3*p(g). Is t(-11) a multiple of 19?
True
Is 36/(-198) - (-255)/22*2 a multiple of 11?
False
Suppose -k - 160 = -6*k. Is k a multiple of 22?
False
Let u = -5 - -7. Suppose u*f + 2*j = 8, 0 = -2*j + 4*j - 2. Is 3 a factor of f?
True
Let z = 75 - 52. Does 15 divide z?
False
Let o(q) = -q - 1. Let u be o(-5). Suppose 157 - 13 = u*j. Is 18 a factor of j?
True
Let v(u) be the third derivative of 0*u + 1/8*u**4 + 0 - 1/3*u**3 - 2*u**2. Is 20 a factor of v(8)?
False
Let x = -11 - -8. Let z(n) = -2*n**3 - 4*n**2 - n - 4. Does 11 divide z(x)?
False
Suppose v + 2*v = 6. Suppose 0 = -v*s + 7 + 35. Is 24 a factor of 1015/s + 1/(-3)?
True
Let m(y) = 2*y**3 - 4*y**2. Suppose 2*d - 2*t = 0, t = -3*d + 3*t + 3. Is 18 a factor of m(d)?
True
Suppose -4 - 60 = -4*k. Let h = 4 + k. Is h a multiple of 7?
False
Let m = 11 + 4. Does 4 divide m?
False
Suppose -a - 9 + 47 = 0. Does 26 divide a?
False
Is 2 + 2 + 216/2 a multiple of 8?
True
Suppose 0*u - 4*u = 4*w - 16, 2*w = -3*u + 10. Suppose -p + 33 = w*p. Does 4 divide p?
False
Let q = -228 - -335. Is 47 a factor of q?
False
Let u(p) = p**2 + 6*p - 4. Let y be (4 + 3)/(2/(-2)). Is u(y) a multiple of 2?
False
Let g be (-6)/4*(-12 - 2). Let a = g - 6. Is 5 a factor of a?
True
Suppose d + 5*u - 7 = 0, 0 = 3*u + 3. Let v = 24 + d. Is v a multiple of 15?
False
Let f = 122 + -83. Is f a multiple of 13?
True
Is 38 a factor of 602/4 + ((-9)/6)/(-1)?
True
Let f = 1 + 17. Suppose -f - 26 = -4*r. Is r a multiple of 5?
False
Let v(i) = -2*i**3 + i**2 - i - 1. Let y be v(-1). Suppose 0 = g - y - 0. Suppose 4*s + 3 = -1, g*z - 44 = -4*s. Is z a multiple of 10?
False
Let f = 0 - -1. Let b be 1/1*(f + 2). Suppose 3*m + 5*z = -5 + b, -m = -z - 10. Is 4 a factor of m?
False
Suppose -4*y + 29 = -27. Let x = -4 + y. Is 5 a factor of x?
True
Suppose -5*w = -4*w - 6. Suppose -w*s + 3*s = -12. Is 2 a factor of s?
True
Let f be 6*(2/(-3) - -1). Suppose 125 = 5*v + 2*z, f*v + z - 37 - 12 = 0. Is 12 a factor of v?
False
Let d be (-1 - 0) + (-4)/2. Does 4 divide ((-11)/(-3))/(d/(-9))?
False
Let d(c) = 31*c - 37. Does 22 divide d(9)?
True
Let r(m) = -m + 10. Let q be r(6). Suppose -2*d + 43 + 95 = q*i, 4*d - 132 = -4*i. Is 9 a factor of i?
True
Let q = 134 + -62. Is q a multiple of 18?
True
Let c = 1 + -4. Let f be (-1 + c/(-6))*2. Is f/(34/(-16) - -2) a multiple of 8?
True
Does 11 divide (-1 - 11/(-3))*6?
False
Suppose 11*x - 6*x = 900. Is x a multiple of 36?
True
Suppose -4*h = 1 - 17. Suppose 4*x + 4*d - 10 - 2 = 0, -5*d = 5. Suppose -36 - x = -h*a. Does 4 divide a?
False
Let j = 175 + -165. Is 3 a factor of j?
False
Let x be (0 + 10/(-6))*-3. Suppose -3*c = -x*c. Suppose c = -4*n + 55 + 25. Is n a multiple of 9?
False
Does 12 divide (-90)/(-5)*4/6?
True
Let s(n) be the second derivative of -n**3/6 + 6*n**2 - 2*n. Is 4 a factor of s(0)?
True
Let i(a) be the second derivative of -a**4/12 + 4*a**3/3 - 2*a**2 + a. Let v be i(7). Does 12 divide v*((-240)/9)/(-4)?
False
Let l(t) = t**3 - 10*t**2 + 10*t - 4. Suppose 2*i - 26 = -2*h, 5*i + 4*h - 33 = 28. Is 2 a factor of l(i)?
False
Is 6 a factor of (-2392)/(-72) - (-2)/(-9)?
False
Let a = 48 - 98. Is 3 a factor of a/(-18) + 6/27?
True
Let l(q) be the first derivative of -q**5/20 + q**3/6 + 21*q**2/2 + q - 1. Let y(u) be the first derivative of l(u). Is y(0) a multiple of 12?
False
Let t(a) = 14*a**2 - 20*a + 29. Let o(h) = 5*h**2 - 7*h + 10. Let u(v) = 17*o(v) - 6*t(v). Let q be u(-6). Let s = q - 11. Is 8 a factor of s?
False
Let h(i) = 5*i + 4. Let l be h(7). Is 21 a factor of l + 6 + -3 + 0?
True
Suppose 2*s - 2*n = 63 + 65, 4*n + 120 = 2*s. Suppose -2*i = -2*p - 4*i + 128, -3*i = p - s. Does 21 divide p?
False
Let y(p) = 11*p - 5. Let z be y(4). Let s = -16 + z. Is 9 a factor of s?
False
Let n be (-1)/((-2)/(-10)) + 3. Is n/8 + (-2022)/(-24) a multiple of 25?
False
Let f(l) = -l**3 + 16*l**2 + 3*l + 5. Is 9 a factor of f(16)?
False
Let s(j) = -j**2 - 11*j - 11. Let c(a) = -a**2 - 5*a - 5. Let t be (-90)/(-21) + (-4)/14. Let y(x) = t*s(x) - 9*c(x). Is 9 a factor of y(2)?
False
Let x(a) = -21*a - 6. Let v be x(-4). Suppose 13 = 2*q - 11. Suppose 3*f - w = v, 6*w + q = f + w. Is 9 a factor of f?
True
Let q = -153 + 374. Is q a multiple of 13?
True
Suppose -3*j + 48 = 2*w - 13, -w = 4. Is 5 a factor of j?
False
Let r = -12 - -8. Let o(m) be the third derivative of -m**4/12 + 2*m**3/3 - m**2. Is o(r) a multiple of 12?
True
Let q(g) = -4*g**2 + g + 4 + g + g**2 + 4*g**2. Is 24 a factor of q(6)?
False
Let y(f) = -2*f. Let j be y(5). Let i = -6 - j. Let k(o) = -o**3 + 4*o**2 + 4*o + 1. Is k(i) a multiple of 14?
False
Let m(z) = z**3 + 8*z**2 + z + 2. Suppose -2*c = 13 + 1. Is 15 a factor of m(c)?
False
Let l be (-2)/3*(2 + 1). Let u = 5 - l. Suppose u*z = 2*z + 130. Is 17 a factor of z?
False
Let v be (-4)/14 + 187/(-7). Suppose 3*o = b - 174, -3*o + 2*b - 165 = -2*b. Let j = v - o. Is 12 a factor of j?
False
Let h = 1 - 10. Let j = h + 19. Does 9 divide j?
False
Let s be 2*((-5)/(-2) + -2). Is 21 a factor of (s/(-3) + 0)*-81?
False
Let d(u) = 4*u**2 + 25*u + 12. Let o(j) = -j**2 - 8*j - 4. Let b(k) = 2*d(k) + 7*o(k). Suppose 3*w = 4*w - 8. Does 7 divide b(w)?
False
Let f be (-3)/3 + (-3 - -4). Suppose f = -4*k, -2*i + 8*k + 60 = 3*k. Is i a multiple of 29?
False
Let j = 47 - -40. Is 26 a factor of j?
False
Let h(t) = -t**3 + 13*t**2 - 12*t + 5. Is 2 a factor of h(12)?
False
Is 11 a factor of ((-2)/(-2))/((-7)/(-462))?
True
Suppose -z = 5*d, 5*z + 4*d = -9 + 51. Let n = z + -2. Is 